c(-12)?
11
Let k = -898 - -1296. What are the prime factors of k?
2, 199
Let r(t) = 2*t**3 + 3*t**2 - 2*t + 3. Let l be r(-3). Let f = 36 + l. What are the prime factors of f?
2, 3
Let q(l) = 5*l**2 + 2*l + 6. Let b be (5 + -11)*2/4. What are the prime factors of q(b)?
3, 5
Let t = 9 + -1. What are the prime factors of t?
2
Let w = -17 + 46. What are the prime factors of w?
29
List the prime factors of 114/(-2)*(-10)/15.
2, 19
Let w = 42 - 14. List the prime factors of w.
2, 7
Suppose -2*x + 164 = 3*q - 255, -5*x = 3*q - 1034. List the prime factors of x.
5, 41
Let d(l) = l**2 - l - 1. Let s be (-3 - -5) + 6/(-2). Let b(y) = y**3 + 5*y**2 + 7*y + 4. Let t(v) = s*b(v) - 5*d(v). What are the prime factors of t(-10)?
3, 7
Suppose 6*v - 2*v - 28 = 0. Suppose -4*n + 4*c - 10 = 10, n + 3*c - v = 0. Let p(m) = -m + 2. List the prime factors of p(n).
2
Let z(h) = -4*h**2 + 6*h - 4. Let q be z(5). List the prime factors of 9/27*(1 - q).
5
Let w be (-4)/(-6)*(-6)/4. Let i be -2 - (w - 0 - 5). Suppose 2*g = 5*b - 9, -4*g + 3*g - 9 = -i*b. List the prime factors of b.
3
Let i be (-60)/(-35) - (-4)/14. Suppose -7*k = 2*l - 3*k - 26, -l + i*k = -33. List the prime factors of l.
23
Suppose o + o = 64. List the prime factors of o.
2
Let q(k) = 4*k + 1. Let d(m) = -17*m - 4. Let j(i) = 2*d(i) + 9*q(i). Let l be j(3). Suppose p - l + 0 = 0. What are the prime factors of p?
7
Suppose 0 = 2*r - r - 2*a - 75, 4*a + 219 = 3*r. What are the prime factors of r?
3, 23
Suppose 0 = 4*i - 16, 3*i - 12 = 2*j - 2*i. Let g = 7 - j. Let s = 7 - g. List the prime factors of s.
2
Let a(j) = j + 5. Let i be a(-5). Let y(d) = -4*d + 2. Let n be y(-2). Suppose i = -z + 4*x - n, 2*x = -z - x + 11. List the prime factors of z.
2
Let d be (8/12)/(2/6). Suppose -3*u = -d*y + 18, 0*u = 3*y - u - 20. List the prime factors of y.
2, 3
Let x = -17 - -25. Suppose -4*s - x = 0, 0*i - 146 = -4*i + s. What are the prime factors of i?
2, 3
Suppose 2*a = a. Suppose 19 = 4*j + 2*b - 29, a = -j - 3*b + 22. What are the prime factors of j?
2, 5
Suppose 2*b + 11 + 7 = 0. Let a = b - -3. Let o = -4 - a. List the prime factors of o.
2
List the prime factors of -4 - (-1595)/15 - 2/6.
2, 3, 17
Let j(o) = -o**3 - 4*o**2 + 9*o - 11. What are the prime factors of j(-6)?
7
List the prime factors of -4 - (2 + -8 + -4).
2, 3
Let j = 153 + -115. What are the prime factors of j?
2, 19
Let x(y) = -y - 4. Let l be x(0). Let q be 210/12*l/5. Let w = -6 - q. What are the prime factors of w?
2
Suppose -20*p + 186 = -18*p. What are the prime factors of p?
3, 31
Suppose 0 = -2*b - j + 116, -2*j = -b - 0*j + 48. What are the prime factors of b?
2, 7
Suppose 5*i + 0*i + 5 = 0, -5*i + 60 = 5*v. What are the prime factors of v?
13
What are the prime factors of (3225/(-125))/((-2)/10)?
3, 43
Suppose 45 = 5*t - 170. List the prime factors of t.
43
Suppose 3*p + 0*p - 217 = -5*d, 2*d = 4*p + 66. List the prime factors of d.
41
What are the prime factors of 4 - 4/(-8)*6?
7
Let c be -6 - 7/(7/2). Let a(h) = 3*h + 9. Let v be a(-7). List the prime factors of v/c*14/3.
7
Let z(x) = 11*x - 5. Let f be z(4). Suppose 0 = y + 2*y - f. What are the prime factors of y?
13
Let h be 20/3 + (-2)/3. Let d(r) = 2*r**2 - 7*r - 5. List the prime factors of d(h).
5
Suppose 0 = 2*v - q - q - 94, q = 2*v - 90. What are the prime factors of v?
43
Let s(v) = -v**3 + 3*v**2 + 4*v + 2. Let o be s(4). Let x(c) = c + 2. What are the prime factors of x(o)?
2
Let l be (-3)/((-6)/(-4) - 3). What are the prime factors of l*2/(-4)*-11?
11
Let r = 6 + -1. Suppose z + r = 4*j + 1, -3*j = 3*z - 18. What are the prime factors of j?
2
Let p = -21 - -34. What are the prime factors of p?
13
Let i(o) = o**3 - 5*o**2 - 6*o + 8. Let s be ((-2)/4)/(2/(-24)). List the prime factors of i(s).
2
Let k = 35 - 15. Suppose 4*i - k = -0*i. Suppose i*l = 7*l - 32. What are the prime factors of l?
2
Suppose 2*k - 966 = -4*r, -4*r + 4*k + 1214 = r. What are the prime factors of r?
2, 11
Let u(c) = 5*c - 14. What are the prime factors of u(6)?
2
Let s = 22 + 1. Let x = 25 - s. List the prime factors of x.
2
Suppose 5*z = z. Let t = z - -3. Suppose -t*f - 2 = -4*f. What are the prime factors of f?
2
Let b(i) = 46*i**3 + i**2 - i + 3. List the prime factors of b(2).
373
Let q = -21 - -199. List the prime factors of q.
2, 89
Suppose 4*v = i + i - 58, -5*i = -v - 37. List the prime factors of 60*(1 + 8/v).
2, 5
Let n(z) = -5*z + 15. What are the prime factors of n(-12)?
3, 5
Let m(x) = -4*x - 2*x + 4 + 5*x. Let h be m(6). What are the prime factors of ((-3)/h)/(15/100)?
2, 5
What are the prime factors of (-4)/(-18) - (-474)/54?
3
Let c = -44 + 74. Suppose -2*s = -s - c. What are the prime factors of s?
2, 3, 5
Let v(k) = -7*k + 7. Suppose 0 = -5*g - 3*s - 29, 4*s - s - 27 = 3*g. Let h be v(g). Suppose -3*o = 5*l - h, -4*o + l - 23 = -90. List the prime factors of o.
17
Let b be (-4 + 1)/(-3) - -2. Suppose -5*j + 171 = -5*u + 21, 0 = 3*j + b*u - 90. Suppose -4*q = 4*o + q - j, q = -3*o + 17. What are the prime factors of o?
5
Let s(p) = 5*p + 14. What are the prime factors of s(10)?
2
Let f(j) = j**2 + 8*j + 7. Let s be f(-7). Suppose -2*v - 6 = 0, s = 2*o - v - 5 - 2. Suppose -4 - o = -3*q. What are the prime factors of q?
2
Let c(p) = p - 3. Let k be c(-5). Let j = 10 + k. List the prime factors of j.
2
Suppose -3*d + 140 = 56. Let j = d - -1. List the prime factors of j.
29
Suppose -681 = -9*u + 111. What are the prime factors of u?
2, 11
Suppose 2*q + 2*q + 24 = 0. Let v be (8/q)/(1/3). List the prime factors of 2*((-30)/v - 0).
3, 5
Suppose 0 = -3*y - 4*r + 2 - 32, 4*y = 3*r - 40. Let d = y + 17. List the prime factors of d.
7
Let j = 4 + -2. Let d = j + -4. What are the prime factors of -1 - (2 + d) - -8?
7
Let l(b) = -46*b - 6. What are the prime factors of l(-2)?
2, 43
List the prime factors of (-502)/(-10) - (-5)/(-25).
2, 5
Let u be (-6 - -2)*(-2)/(-4). Let d be 3 + u + (-8)/(-2). Suppose -d*g = -59 + 9. List the prime factors of g.
2, 5
Let d(z) = 98*z**2 - 2*z - 1. What are the prime factors of d(-1)?
3, 11
What are the prime factors of (4 - -27) + -4 + 7?
2, 17
Suppose 2*d = 2*g - 0*d - 50, 2*d = -g + 40. What are the prime factors of g?
2, 3, 5
Let h(r) = -24*r**2 + 30*r**2 + r**3 - 15*r + 5*r - 9. What are the prime factors of h(-7)?
2, 3
Let v(i) = 8*i + 2*i**2 + 7*i**2 + 2*i**3 - i**3 + 14 - 2. List the prime factors of v(-8).
2, 3
Let u = 23 - 45. Let i = u + -5. Let t = i + 39. What are the prime factors of t?
2, 3
Let n(t) = -t**3 - 2*t**2 - t + 1. Let g be n(-2). Suppose -20 = -g*o - o. What are the prime factors of o?
5
Suppose -2*z - 3*a + 17 + 0 = 0, 6 = 3*z - 2*a. List the prime factors of z.
2
Suppose -2*a + 8*t - 6*t = -68, -2*a = 2*t - 76. What are the prime factors of a?
2, 3
List the prime factors of (49/(-4))/((-5)/20).
7
Let i = -10 + 31. Let l = i - 11. List the prime factors of l.
2, 5
Suppose 5*t - 5*n = -0*t - 25, 0 = -2*t - 2*n + 10. Let f = 6 - 2. Let z = f - t. What are the prime factors of z?
2
Let g be 2/8 - (-215)/4. Let q = g + -26. What are the prime factors of q?
2, 7
Let b(h) = -h**3 + 6*h**2 + 6*h. Let z be b(6). What are the prime factors of 4/(-18) + 980/z?
3
Suppose 2*v - 5 = 19. List the prime factors of v.
2, 3
Let h(c) = -54*c - 1. Let s be h(-1). Suppose 3*w = -0*w - t + s, -w + t + 23 = 0. What are the prime factors of w?
19
What are the prime factors of (8 - -32)/(1*(-2)/(-16))?
2, 5
Let b be 30/7 + 6/(-21). Suppose 0 = -5*a, -4*z + 50 = z - b*a. What are the prime factors of z?
2, 5
Suppose -l - 4 = -2. Let o(s) = 2*s**2 - 2*s - 1. List the prime factors of o(l).
11
Let t = 46 - 35. What are the prime factors of t?
11
Suppose -4*j - j = 0. Suppose j = -h - h - 4. What are the prime factors of 3/h*102/(-9)?
17
Let k = 8 - 4. Suppose -4*j = 5*z - 17 - 1, 14 = 3*j + k*z. What are the prime factors of j?
2
Suppose 21 = 2*j - 1. Suppose k - 8 = j. What are the prime factors of k?
19
Let m be -2 + -24*(-2 + 3). Let t = m + 34. List the prime factors of t.
2
Suppose 4*j = -10 + 42. List the prime factors of j.
2
Let h = -15 + 118. List the prime factors of h.
103
Let a = 21 - 17. Suppose -m + 3*c - 4 = 0, a*m - c - 14 = c. List the prime factors of m.
5
Suppose 0 = 4*d - 2*u - 34, -d + u + 4*u = -13. Let h = d - -26. List the 